.
12
Let s(j) be the third derivative of 0*j + 1/60*j**5 + 0 + 3/2*j**3 + 6*j**2 - 3/8*j**4. What is s(7)?
-5
Let y(d) = -3*d - 5. Let n(f) = -5*f - 9. Let i(b) = -4*n(b) + 7*y(b). Suppose -23 = 4*p - c - 180, -3*p - c + 116 = 0. Let g = -41 + p. Calculate i(g).
3
Let v(w) be the third derivative of 15*w**2 + 0*w + 0*w**3 - 1/60*w**5 - 1/8*w**4 + 0. Give v(-3).
0
Let o(q) = 3*q**2 - 27*q + 5. Let l be o(9). Let s(a) = -2*a**2 + 10*a - 1. Let p(n) = -n**2 + 5*n. Let c(x) = -5*p(x) + 2*s(x). Give c(l).
-2
Let p = 15 + -12. Let k(g) = 0 - 6*g + 5*g + p*g - 1. Give k(-1).
-3
Let q(a) = 4*a**3 + 10*a + 7. Let i(s) = 5*s**3 - s**2 + 13*s + 8. Let n(l) = -3*i(l) + 4*q(l). What is n(-4)?
-16
Let x(u) = -u**2 + 13*u + 4. Let j = -625 - -639. Give x(j).
-10
Let d = -13 - -11. Let c be 4/(-6) - d/3. Suppose c = -4*s - 13 - 15. Let i(b) = b**3 + 8*b**2 + 8*b + 5. Give i(s).
-2
Let u(z) = -5*z. Let q(m) = -m + 13. Let p be q(6). Let o(y) = 5*y - 4. Let i be o(p). Suppose 0*r - 8 = h - 2*r, -i = -3*h - 5*r. What is u(h)?
-10
Let c(w) = -w**2 + 3*w + 5. Let q(h) = -2*h**2 + 55*h + 33. Let a be q(28). Give c(a).
-5
Let r(m) = m**3 + m. Let w(z) = -4*z**2 - z + 1. Let n(h) = -3*r(h) - w(h). Calculate n(2).
-13
Let v be (-2 - 2) + (-1 - -10). Suppose 80 - 85 = -v*h. Let z(w) = 5*w + 2*w - 3*w. What is z(h)?
4
Let q = -2 + 11. Let v(m) = -13*m**3 + 20*m**2 - 18*m - 28. Let z(g) = 7*g**3 - 10*g**2 + 9*g + 15. Let l(a) = 6*v(a) + 11*z(a). Give l(q).
-3
Let i(q) = q**3 - 9*q**2 + 5*q + 5. Let l = 213 - 205. What is i(l)?
-19
Let r be (1 + -2)*1 - 5. Let y(t) be the second derivative of t**3/6 - 7*t**2/2 - 3*t + 20. Determine y(r).
-13
Let p(v) = -4*v - 11. Let l be (-552)/46*3/6*1. Give p(l).
13
Let w(p) = -55213*p**3 + 15 - 9*p**2 - 2 + 55212*p**3 + 3*p. What is w(-9)?
-14
Let h(s) = 4 - 3*s + 0*s - 14 + 2*s. Let m be h(-5). Let u(l) = -l + 3. What is u(m)?
8
Let a(s) = 2*s**2 + 2*s - 6. Let g be (132/(-110))/(4*3/30). Give a(g).
6
Let g(o) = -o**3 - 63*o**2 - 235*o + 53. Let f be g(-59). Let p(u) = 2*u**3 + 14*u**2 + 11*u - 1. Determine p(f).
5
Let w(d) = d + 3. Let t(k) = -5 - 11 + 16 - 4 - k. Let f(p) = -p**2 - 3*p + 5. Let q be f(-5). Let i(b) = q*w(b) - 4*t(b). Determine i(5).
-4
Let k = -15 - -13. Let l(w) = 57 - 14 + 5*w - 19 - 21. Calculate l(k).
-7
Let c(y) be the first derivative of 5*y**4/4 - y**3/3 - y**2/2 - 2. Suppose 2 = n - 4*d, 0*n + 2*n = d - 10. Let t be (2/n)/(1/3). What is c(t)?
-5
Suppose 3*g + 8 = -22. Let d be (-4)/10 - 34/g. Let a(x) be the second derivative of -x**3/6 + 2*x**2 + 88*x. Give a(d).
1
Suppose -2*v + 5*b + 17 = 0, 3*b + 34 = 5*v - b. Suppose 0*h = v*h + 36. Let c be h/(5/((-10)/(-4))). Let f(i) = i**3 + 3*i**2 + 5*i + 3. Give f(c).
-12
Let q(r) = -6*r**2 + 7. Let y be (24/(-18))/((-2)/9). Let j(c) = 5*c**2 - c - 6. Let l(k) = y*q(k) + 7*j(k). What is l(-6)?
6
Let h(d) = 0*d - 93 + 46 + d + 49. Let t be 0/(-4 - (-4)/4). Suppose -j - j + 12 = t. Calculate h(j).
8
Let x(f) = 9*f - 1. Let q be (36/(-30))/((-12)/30). What is x(q)?
26
Let s(c) = c + 4. Let m(d) = d**3 - 3*d**2 - 13*d + 5. Let l(k) = k**3 - 3*k**2 - 12*k + 5. Let p(g) = 6*l(g) - 5*m(g). Let j be p(4). What is s(j)?
-3
Let z(h) be the first derivative of -h**4/12 - h**3/6 + 3*h**2/2 + 30*h + 15. Let m(j) be the first derivative of z(j). What is m(4)?
-17
Let m(w) = w + 13 - 14 - 2*w + 6. Suppose 14 = y - 4*s, -2 + 18 = 2*y - 2*s. Calculate m(y).
-1
Let h(f) = -8*f**2 + 19*f**2 - 11*f**2 + f**2 + 1 + 7*f. Calculate h(-9).
19
Let a(n) = -4*n. Let s(i) = -i**3 - 10*i**2 - i - 8. Let p = -6 + -4. Let k be s(p). What is a(k)?
-8
Let u(w) = 37 - 78 - 6*w + 41. Give u(2).
-12
Let l(b) be the first derivative of -3*b**2/2 - 14*b + 1. Let z(q) = 2*q + 9. Let n(i) = -5*l(i) - 8*z(i). Let d be -2*1/4*-10. Determine n(d).
-7
Let t(q) = -12*q + 19. Let o(y) = -4*y + 7. Let w(v) = 8*o(v) - 3*t(v). Determine w(4).
15
Let g(z) = -z**2 + 3*z + 2. Let t be g(0). Let d(j) = -5*j**t - 6 - 6*j**2 - 5*j + 12*j**2. Let s(q) = -q + 7. Let u be s(0). Give d(u).
8
Let w(j) = -37*j**2 - j. Suppose -17*u = -16*u + 1. Calculate w(u).
-36
Let j(r) = -r**2 + 3*r + 4. Let y = -52 + 54. Suppose -y = -2*c + 4. Give j(c).
4
Let n(y) = -4*y**2 + 3 + y**3 + 10*y**2 + 0 + 0*y**2 + 6*y. Let q be 3/4 + 95/(-20). Determine n(q).
11
Let w be -8 + (-5 - -6) - -2. Let f(p) = 3*p + 21. What is f(w)?
6
Let h = 1 + 24. Let d = 26 - h. Let f be (3 + 1)/2 + d. Let c(w) = -w + 1. Determine c(f).
-2
Let l = 11 - 9. Let n(o) = l + 0 + 2*o - 7*o - o. Suppose 2*k - 9 = -5. Calculate n(k).
-10
Let w = -8 - -6. Let r(v) = 2*v + 2*v - 3*v - 5*v + 2*v. Give r(w).
4
Let w(q) = 3*q + 14. Let p(k) = 5*k + 15. Let x(l) = 5*p(l) - 4*w(l). Determine x(-2).
-7
Let u = 18 - 21. Let q(x) = -x. Let v be q(u). Let a(r) = r - v - 3 - 2*r + 7. Give a(-5).
6
Let o(c) = 8*c + 4. Let l(k) = 23*k - 255. Let q be l(11). Determine o(q).
-12
Suppose -3*k + 5*p = -11, -4*k - 3*p - 2*p + 3 = 0. Let l(f) = -10*f**k + f**3 + 4*f - 424 + 3*f**2 + 431. Determine l(6).
-5
Let g(p) be the third derivative of -p**4/12 + 2*p**2 - 35*p. Suppose 4*u - 8 = u + 4*l, -3*l = 2*u - 11. What is g(u)?
-8
Let o(k) be the first derivative of 9*k**4/4 + k**3/3 - k**2/2 - k - 165. Determine o(-1).
-8
Let g(x) be the first derivative of -7*x + 1/2*x**2 - 9. Determine g(-5).
-12
Suppose -1 = -3*f + 5. Suppose f*h = 23 - 11. Let i(x) = -x**2 + 7*x + 7. Calculate i(h).
13
Suppose -3*f + 4*m = -32, 2*m + 0 = 4*f - 26. Suppose -f*i + i + 3 = 0. Let o(q) = -11*q**2 + 2*q - 1. Calculate o(i).
-10
Let g(o) = -o**3 + 4*o**2. Let v(q) = -q - 5. Let j be v(-5). Let d be j + 0 + -2 - -2. Suppose 2*y - 8 = -d*y. Determine g(y).
0
Let g = 18 + -23. Let o(k) = 5*k**2 + 5. Let u(p) = -6*p**2 + p - 6. Let t(a) = 5*o(a) + 4*u(a). Give t(g).
6
Let i(x) be the third derivative of 1/60*x**5 + 16*x**2 + 0*x + 1/3*x**4 + 0 + 0*x**3. Determine i(-7).
-7
Let h(r) = -2*r - 82. Let f(m) = -m - 55. Let l(g) = 8*f(g) - 5*h(g). Let n be l(15). Let i(z) = z**3 - z**2 - 8. Give i(n).
-8
Let u(i) = i**2 - 7*i + 5. Let x(p) = 3*p - 16. Let z be x(5). Let t be (z/(-3))/(13/234). Give u(t).
-1
Let m be (-4)/14 + (-192)/(-84). Let u(s) = -s**3 - 2*s**2 - 6*s - 1 - s**2 - m + 2*s. What is u(-2)?
1
Let u(i) be the first derivative of i**4/4 + 2*i**3 + i**2 + 6*i - 93. Determine u(-6).
-6
Let s be (2/(-4))/((-2)/12). Suppose -l - l + 7 = -d, l - s*d = 11. Suppose q - 4*g + 15 = 0, l*g = -q - 0*g + 9. Let m(i) = -i. What is m(q)?
-1
Let q be (6/21 - (-2)/(-7))/1. Suppose -5 = 5*i - q*i, -4*i + 8 = 4*k. Let w(s) = s**3 - 2*s**2 - 2*s - 1. What is w(k)?
2
Let w(j) be the second derivative of 0*j**3 + 0 + 1/3*j**4 + j**2 + 1/20*j**5 - 28*j. Calculate w(-3).
11
Let o(p) be the first derivative of -5 + 1/4*p**4 - 2*p + 5/2*p**2 + 2*p**3. Let s(t) = -t - 10. Let w be s(-6). What is o(w)?
10
Let x(h) be the first derivative of 1/3*h**3 - 5/2*h**2 - 17 - 4*h + 1/4*h**4. Give x(-3).
-7
Let a = -16 - -16. Suppose 4*t - 2*u - 14 = 0, -3*u - 1 = 4*t - a*u. Let s(q) = -4*q**2 + 0*q**t - 11*q**3 + 12*q**3 + q. Determine s(3).
-6
Let k(d) be the third derivative of d**6/60 - d**5/4 - d**4/3 + d**3 - 204*d**2. Give k(8).
6
Let j(g) = g**2 - 9*g - 2. Let r = 34 - 27. Calculate j(r).
-16
Suppose -4*l + 0*f + f - 1 = 0, 2*l + 2*f + 8 = 0. Let b = 15 + -13. Let z(r) = 8 - r**2 + r**3 - 7 + 2*r**2 + b*r. Determine z(l).
-1
Let z(q) = -q**3 - 9*q**2 + 8*q - 15. Let b be z(-10). Let v(m) = 6 - m**2 + 4*m + b - 12 + 3. What is v(4)?
2
Suppose 116*f - 443 = 833. Let h(r) = r**2 - 8*r - 4. Determine h(f).
29
Let l(c) = -c - 11. Let r(q) = -3*q - 39. Let h(o) = 18*l(o) - 5*r(o). Let s(a) = 3*a**2 - 38*a + 83. Let i be s(10). Give h(i).
-12
Let k(h) be the second derivative of 0*h**4 - 8*h + h**5 + 12*h**2 + 0 - 17/6*h**3. Let u(m) = -7*m**3 + 6*m - 8. Let f(z) = -6*k(z) - 17*u(z). Calculate f(0).
-8
Suppose -5*a = 15, -4*a - 1 = 4*w - 21. Suppose 0 = 4*z + 5*c + 2 - 4, 0 = -2*z + c + w. Let d(m) = -4*m**3 + m + 3*m**z - 4*m + 4*m**2. What is d(3)?
0
Let z(h) be the third derivative of h**4/24 - 5*h**3/6 + 2*h**2. Let b be z(7). Let r(j) = j + b*j + 0*j - 2*j - 8. Calculate r(6).
-2
Let w(s) be the second derivative of s**5/20 + s**4 + s**3/6 + 8*s**2 + 165*s. Give w(-12).
4
Let l(o) = o**3 - 5*o**2 + 3*o + 3. Let m be (-3 + 2)/((